ors of 3573827?
3573827
What are the prime factors of 568725?
3, 5, 7583
What are the prime factors of 481893?
3, 29, 191
What are the prime factors of 1628540?
2, 5, 107, 761
What are the prime factors of 3212014?
2, 13, 17, 43
What are the prime factors of 41634?
2, 3, 257
What are the prime factors of 8583825?
3, 5, 114451
List the prime factors of 153381.
3, 29, 41, 43
What are the prime factors of 18361644?
2, 3, 7, 218591
List the prime factors of 2796438.
2, 3, 466073
What are the prime factors of 422338?
2, 7, 97, 311
What are the prime factors of 950157?
3, 13, 2707
List the prime factors of 7231075.
5, 289243
List the prime factors of 430603.
430603
What are the prime factors of 1435298?
2, 19, 107, 353
What are the prime factors of 3118356?
2, 3, 19, 47, 97
List the prime factors of 708180.
2, 3, 5, 11, 29, 37
What are the prime factors of 610035?
3, 5, 67, 607
List the prime factors of 328127.
328127
List the prime factors of 723441.
3, 151, 1597
What are the prime factors of 1823167?
439, 4153
What are the prime factors of 192945?
3, 5, 19, 677
List the prime factors of 517107.
3, 97, 1777
List the prime factors of 930852.
2, 3, 13, 17
List the prime factors of 360481.
11, 32771
What are the prime factors of 417457?
417457
What are the prime factors of 1499318?
2, 749659
List the prime factors of 558207.
3, 13, 367
What are the prime factors of 2436802?
2, 1218401
List the prime factors of 2304286.
2, 37, 31139
What are the prime factors of 20402984?
2, 7, 37, 43, 229
What are the prime factors of 17489913?
3, 7, 23, 739
List the prime factors of 18650601.
3, 131, 5273
What are the prime factors of 1520727?
3, 13, 38993
What are the prime factors of 502128?
2, 3, 11, 317
List the prime factors of 7329280.
2, 5, 7, 409
What are the prime factors of 494034?
2, 3, 82339
List the prime factors of 27002033.
27002033
What are the prime factors of 883710?
2, 3, 5, 1091
List the prime factors of 5111594.
2, 17, 149, 1009
What are the prime factors of 16323992?
2, 1201, 1699
What are the prime factors of 10557013?
1637, 6449
What are the prime factors of 5516001?
3, 612889
What are the prime factors of 8238135?
3, 5, 257, 2137
List the prime factors of 525150.
2, 3, 5, 389
What are the prime factors of 944287?
79, 11953
List the prime factors of 2333616.
2, 3, 61, 797
What are the prime factors of 1123310?
2, 5, 112331
List the prime factors of 261543.
3, 87181
List the prime factors of 3345804.
2, 3, 7, 11, 17, 71
What are the prime factors of 425441?
425441
What are the prime factors of 39996746?
2, 19998373
List the prime factors of 315216.
2, 3, 11, 199
What are the prime factors of 1053017?
7, 150431
List the prime factors of 13145006.
2, 7, 23, 40823
What are the prime factors of 563011?
563011
What are the prime factors of 197239?
7, 19, 1483
What are the prime factors of 18717?
3, 17, 367
What are the prime factors of 4657863?
3, 7, 137, 1619
List the prime factors of 4986854.
2, 19, 6907
List the prime factors of 1349308.
2, 337327
What are the prime factors of 3679838?
2, 1839919
List the prime factors of 117642.
2, 3, 7, 2801
List the prime factors of 1485817.
17, 71, 1231
List the prime factors of 451278.
2, 3, 61, 137
What are the prime factors of 3531071?
3531071
What are the prime factors of 290364?
2, 3, 24197
What are the prime factors of 1363748?
2, 340937
What are the prime factors of 7873507?
7873507
List the prime factors of 3320616.
2, 3, 13, 29, 367
List the prime factors of 439703.
11, 71, 563
What are the prime factors of 256955?
5, 17, 3023
What are the prime factors of 1309016?
2, 163627
List the prime factors of 9366133.
7, 17, 78707
List the prime factors of 16168032.
2, 3, 18713
What are the prime factors of 1856471?
19, 199, 491
What are the prime factors of 16357609?
467, 35027
What are the prime factors of 1081822?
2, 7, 19, 83
What are the prime factors of 1647015?
3, 5, 19, 5779
What are the prime factors of 7778191?
1061, 7331
List the prime factors of 291810.
2, 3, 5, 71, 137
List the prime factors of 33242580.
2, 3, 5, 7, 3769
What are the prime factors of 67686?
2, 3, 29, 389
List the prime factors of 157664.
2, 13, 379
What are the prime factors of 93746?
2, 19, 2467
What are the prime factors of 16733737?
19, 880723
List the prime factors of 3261624.
2, 3, 37, 3673
List the prime factors of 2961677.
2961677
What are the prime factors of 210775?
5, 8431
List the prime factors of 1687857.
3, 31, 18149
List the prime factors of 167205.
3, 5, 71, 157
What are the prime factors of 3651671?
3651671
List the prime factors of 17509385.
5, 43, 81439
What are the prime factors of 5109618?
2, 3, 851603
List the prime factors of 5779552.
2, 179, 1009
List the prime factors of 161137.
161137
What are the prime factors of 919638?
2, 3, 19, 2689
What are the prime factors of 5991769?
7, 17, 7193
List the prime factors of 6309193.
11, 17, 33739
What are the prime factors of 198478?
2, 7, 14177
What are the prime factors of 3998903?
53, 197, 383
What are the prime factors of 360409?
7, 51487
What are the prime factors of 2615336?
2, 29, 11273
List the prime factors of 648423.
3, 72047
What are the prime factors of 2160476?
2, 540119
List the prime factors of 7797333.
3, 2599111
List the prime factors of 2184781.
127, 17203
List the prime factors of 472336.
2, 53, 557
List the prime factors of 215377.
37, 5821
List the prime factors of 1715800.
2, 5, 23, 373
List the prime factors of 3705369.
3, 23, 83, 647
List the prime factors of 215415.
3, 5, 4787
What are the prime factors of 716852?
2, 179213
List the prime factors of 669105.
3, 5, 14869
What are the prime factors of 416249?
416249
List the prime factors of 366793.
7, 61, 859
List the prime factors of 381253.
381253
What are the prime factors of 95794?
2, 211, 227
What are the prime factors of 476932?
2, 119233
What are the prime factors of 6062675?
5, 197, 1231
What are the prime factors of 1686768?
2, 3, 35141
What are the prime factors of 2846432?
2, 88951
What are the prime factors of 1150202?
2, 191, 3011
List the prime factors of 531786.
2, 3, 263, 337
What are the prime factors of 11938484?
2, 2984621
What are the prime factors of 108428?
2, 27107
What are the prime factors of 31939?
19, 41
List the prime factors of 40682.
2, 20341
What are the prime factors of 468365?
5, 283, 331
List the prime factors of 345782.
2, 23, 7517
List the prime factors of 21668543.
13, 1666811
What are the prime factors of 522069?
3, 101, 1723
What are the prime factors of 235227?
3, 89, 881
List the prime factors of 97579.
97579
What are the prime factors of 6532750?
2, 5, 7, 3733
List the prime factors of 202656.
2, 3, 2111
What are the prime factors of 208423?
29, 7187
List the prime factors of 4267975.
5, 79, 2161
List the prime factors of 1355674.
2, 71, 9547
What are the prime factors of 839780?
2, 5, 199, 211
List the prime factors of 84639.
3, 89, 317
List the prime factors of 116057.
43, 2699
List the prime factors of 688371.
3, 269, 853
List the prime factors of 155823.
3, 51941
List the prime factors of 5610360.
2, 3, 5, 7, 6679
What are the prime factors of 10869038?
2, 569, 9551
List the prime factors of 233578.
2, 116789
What are the prime factors of 2471380?
2, 5, 29, 4261
List the prime factors of 810640.
2, 5, 10133
List the prime factors of 601779.
3, 29, 6917
What are the prime factors of 50384?
2, 47, 67
What are the prime factors of 96410?
2, 5, 31, 311
What are the prime factors of 10722960?
2, 3, 5, 53, 281
List the prime factors of 635587.
467, 1361
List the prime factors of 681096.
2, 3, 13, 37, 59
What are the prime factors of 194846?
2, 97423
What are the prime factors of 830323?
13, 23, 2777
List the prime factors of 161269.
29, 67, 83
List the prime factors of 1250591.
641, 1951
List the prime factors of 147303.
3, 13, 1259
What are the prime factors of 1569781?
1569781
What are the prime factors of 148875?
3, 5, 397
List the prime factors of 21882666.
2, 3, 13, 280547
What are the prime factors of 17360?
2, 5, 7, 31
What are the prime factors of 607658?
2, 19, 15991
List the prime factors of 2183772.
2, 3, 181981
List the prime factors of 93351.
3, 29, 37
List the prime factors of 2377557.
3, 7, 13, 2903
List the prime factors of 1605755.
5